10
Let z(w) = 2*w + 1. Let s(k) = 5*k. Let j(u) = -s(u) + 3*z(u). What is j(-6)?
-3
Let u = -2 - 4. Let k(d) = -d**3 + d**2 + 6*d - 3. Let h(v) = -v**3 + 5*v - 3. Let b = 7 + 0. Let o(w) = b*h(w) - 6*k(w). What is o(u)?
3
Let k(s) = -s**2 - 5*s + 1. Suppose 5*z - 58 = -4*d, -6*z - d = -2*z - 53. Let r be (8/z)/((-8)/(-28)). Suppose -15 + 5 = r*x. Give k(x).
1
Let h(w) be the first derivative of 5*w**2/2 - 3*w - 9. Give h(3).
12
Let z be (-3)/(-30)*-26 + (-14)/35. Let m(u) = -u - 5. What is m(z)?
-2
Let c(q) be the first derivative of -q**3/3 - q**2 - q - 3. Determine c(-1).
0
Let l(f) = f**2 + 2*f + 3. Let a = -3 - -7. Let v(m) = -2*m**2 - 5*m - 8. Let w(z) = a*v(z) + 11*l(z). Give w(-1).
2
Let j(o) be the second derivative of -o + 1/6*o**3 - 1/12*o**4 + 0 + 1/2*o**2. Let f(w) be the first derivative of j(w). What is f(-3)?
7
Let w(h) = h**3 - 2*h**2 - 2*h - 1. Let t be 9*-1*(4 + -3). Let i be (t/6)/(3/(-4)). Determine w(i).
-5
Let v(i) = -4*i - 4 + 7 - 4. What is v(-2)?
7
Let m = -5 + -1. Let y(s) = 0 - 4*s**2 - 5 + 5*s**2 + 6*s. What is y(m)?
-5
Suppose 10 + 2 = 2*c. Let r(s) = s**2 - 6*s + 3. Calculate r(c).
3
Let p(y) be the first derivative of -y**4/4 + 4*y**3 - 5*y**2 - 7*y - 27. Determine p(11).
4
Suppose 5*g + 23 = -7. Let w(t) be the first derivative of t**2/2 + t - 3. What is w(g)?
-5
Let t(o) = 5*o. Let r = 24 - 23. Determine t(r).
5
Let c = -6 - -10. Let k be 15/(-6)*c/(-5). Let i(y) = -k*y**3 + 3*y**3 - 1 + 3*y**2 + 0. Give i(-3).
-1
Let b(j) = -1 + 3*j**2 + j**3 + 4*j - j**2 - 5*j**2. Determine b(3).
11
Let w(b) be the first derivative of -b**2/2 - 12*b + 1. Give w(-7).
-5
Let l(d) be the third derivative of -1/60*d**5 + d**2 + 0*d**4 + 0*d + 0 + 1/120*d**6 + 0*d**3. Determine l(1).
0
Let i(a) = a**2 - 7*a + 4. Let z = 12 - 7. Calculate i(z).
-6
Suppose -5*d + 3*d = 3*x + 9, 2*d + 14 = -4*x. Let m(f) = 2*f + 6. What is m(x)?
-4
Let f = -28 + 27. Let u(p) = -6*p - 1 - p + 0*p. Give u(f).
6
Let p(h) = h**2 - 2*h - 2. Let q(x) be the first derivative of x**2/2 - 1. Let d be q(5). What is p(d)?
13
Let b(s) = s**3 - 4*s**2 + 4. Let n be b(4). Suppose 5*q - 1 = n*q, 4*q - 7 = -j. Let k(i) = j - 2 - 4 + i**2 + 4 + i. Calculate k(0).
1
Suppose 2*q + 6 = 4*w, -2*w = -3*w + 2*q + 6. Suppose -2*i + w*i + 4 = 0. Let x(b) = 0*b**3 - i - 2*b + 4 + b**2 - b**3. Determine x(2).
-6
Let i(s) = -s**3 + s**2 + 2. Suppose 4*g - w = 1 + 9, g - 12 = 5*w. Give i(g).
-2
Let f(r) = 5*r**2 + 0*r**2 - 6*r**2 + 0*r**2 - 2*r - 2. What is f(-2)?
-2
Let i(v) = -v**3 + 4*v**2 + 7*v - 3. Suppose 21*g - 22*g = 26. Let m be ((-10)/3)/(g/39). Determine i(m).
7
Let y(j) = j - 1. Let l(b) = -b + 1. Let m = -11 + 15. Let g(v) = m*l(v) + 5*y(v). Calculate g(5).
4
Let i(r) = r**2 - r - 2. Suppose -2*z + 5 = 3*n - 14, 4*n = 4*z - 8. Calculate i(n).
4
Let v(h) be the second derivative of h**5/20 + h**4/3 - 5*h**3/6 - h**2/2 - 2*h. Suppose 0 = 2*j + 3*j - 30. Let s be 17/(-3) - j/(-9). What is v(s)?
-1
Suppose -5 - 2 = 4*a + 3*v, 4*a + 3 = v. Suppose -4*d = -2*i, -8*d + i = -3*d - 6. Let q(g) = 2 + d*g**2 - 1 + g**2. Determine q(a).
4
Let z(l) be the first derivative of l**4/24 - 11*l**3/6 + 4*l**2 - 7. Let y(f) be the second derivative of z(f). What is y(5)?
-6
Let m(w) = -w + 1. Suppose 0 = 4*p - 11 - 9. Give m(p).
-4
Suppose -3*n - 8 = 2*t, 5*t - 3*n - 5 = 2*n. Let p(z) = -9*z**3 - 2*z**2 - 2*z - 1. Calculate p(t).
8
Let u(k) = k + 1. Suppose 8*o = 4*o + 16. Determine u(o).
5
Let q(t) = -t - 6. Let h(i) = -i**2 + 19*i + 19. Let z(r) = 2*r**2 - 39*r - 38. Let l(u) = -13*h(u) - 6*z(u). Let b be l(14). Give q(b).
-1
Let c = -5 - -2. Let n(a) = 0*a + 3 + 0*a - 3*a. Calculate n(c).
12
Let o(f) = f + 13. Suppose 2*q - 6*q = -20. Suppose -q*m = -2*v - 5, 4*v + 6*m - 4 = 2*m. Give o(v).
13
Let j(m) = m**3 + m**2 + m - 5. Let x = 2 - 2. Suppose 0 = -5*w - x*w. Give j(w).
-5
Suppose -13*s + 7*s + 12 = 0. Let p(n) be the third derivative of 0 - 1/15*n**5 + 0*n - 3*n**s + 0*n**3 - 1/24*n**4. What is p(1)?
-5
Let d = 0 - 1. Let u(b) be the second derivative of b**3/3 - 22*b. Calculate u(d).
-2
Suppose 4*w - 5*h = 2*w - 12, 7 = -3*w + 2*h. Let k(t) be the third derivative of -t**5/10 - t**4/24 + 3*t**2. Determine k(w).
-5
Let s(h) = -4 - 3*h - 2 + 3. Let r(y) = -3*y - 2. Let f(o) = 3*r(o) - 4*s(o). What is f(-4)?
-6
Let p be 8/(-20) - (-12)/5. Let x(y) = 0 - 4*y**3 - 3*y**3 + p*y**3 + 1. Let b(z) = z**3 + z**2 + z - 1. Let t(g) = b(g) + x(g). Calculate t(-1).
4
Suppose 4*c - 14 = 2*v, 0*c = -3*c - 3*v - 3. Let m(g) = c - 5*g - 5 + 4*g. Calculate m(5).
-8
Let s(i) = -i + 3*i - 21*i**3 - 7 + 22*i**3 - 7*i**2. Give s(7).
7
Let k(y) = y**3 - 4*y**2 - 4*y - 2. Let m be k(5). Let x(g) = -2 + 4*g + 2*g - m*g - 2. Give x(6).
14
Let l(w) = 4*w**2 - 3*w + 2. Let s(f) = -3*f**3 + f. Let c be s(-1). Calculate l(c).
12
Let f be -1*(3 + -1) - -18. Let d be f/6 + 2/6. Let g(z) be the second derivative of z**3/3 + z**2/2 + 2*z. Give g(d).
7
Let u(w) = -6*w + w**2 + 379 + 17*w - 366. Give u(-9).
-5
Suppose m - 1 = 1. Let v be -8*(-1)/4*m. Let s(x) = -x**3 + 3*x**2 + 2*x + 1. Give s(v).
-7
Let k(q) = 3349 + 0*q + 2*q - 3350 + q**3. Calculate k(2).
11
Let g(c) = c + 5. Suppose i - 3 = -0*i. Let n = i + -1. Suppose -3*k - 9 = -k - 3*q, 0 = 4*k + n*q - 6. Calculate g(k).
5
Let d be (-2)/9 + 38/9. Let z = d - 3. Suppose v - 4 + z = 0. Let s(q) = -q - 2. Calculate s(v).
-5
Let a(g) = -8*g**2 - 32*g - 3. Let v(l) = 3*l**2 + 11*l + 1. Let i(w) = 4*a(w) + 11*v(w). Calculate i(5).
-11
Let s(x) be the second derivative of -5/12*x**4 - 4*x - 3/2*x**2 + 0 + 5/6*x**3 + 1/20*x**5. Calculate s(4).
1
Let o(r) = -4*r + 1. Suppose 0 = -3*b + 5 + 4. Give o(b).
-11
Let q(z) = -z**2 + z + 3. Let n(m) = m**2 - 9*m + 10. Let c be n(8). Let w = c + -2. Suppose -j + 5*o + 35 - 15 = w, 5*o = 3*j - 20. Calculate q(j).
3
Let p(k) = 3*k**3 + 13*k**2 + 13*k - 10. Let q(w) = -w**3 - 4*w**2 - 4*w + 3. Let b(m) = -3*p(m) - 8*q(m). Calculate b(-6).
12
Suppose 10*w + 12 = 7*w. Let q(o) = -o**2 - 5*o + 4. Give q(w).
8
Let y(s) = 6*s**3 - 6*s**2 + s + 2. Let n(c) = -5*c**3 + 6*c**2 - 2*c - 1. Let l(p) = 5*n(p) + 4*y(p). Determine l(5).
-2
Let g(z) = -z**3 + 6*z**2 + 8*z - 9. Let d(q) = -q**2 + 10*q - 9. Let w be d(8). Determine g(w).
-2
Let b(r) = 6*r + 10. Let a(j) = -2*j - 4. Let h(i) = -8*a(i) - 3*b(i). Calculate h(4).
-6
Let f(r) = r**2 - 8*r + 8. Suppose -3 + 19 = 4*l. Let h = l - 0. Let p be ((-4)/5)/(h/(-30)). Give f(p).
-4
Suppose b + 2*r - 13 + 4 = 0, -4*b = -r - 9. Let s = -3 + b. Suppose s = -d - 1 + 5. Let j(w) = w**3 - 5*w**2 + 3*w + 4. Determine j(d).
0
Let j(b) = 2*b + 3. Let n be j(0). Let u(v) = n + 4*v + v**2 - 1 - 6 - v**3. Give u(3).
-10
Let m = -8 + 6. Let s be -1*(2/m + 6). Let h be 1 + (s + 2)/3. Let j(w) = -w**2 - w + 7. Calculate j(h).
7
Let z = -25 + 28. Let c(a) = 6*a**2 - 2 + 4*a**z + 2*a - 2*a**2 - 3*a**3. Suppose -b - h - 2 = -1, 0 = -2*b + 2*h - 10. What is c(b)?
1
Let x(c) = -c**3 - 4*c**2 - 4*c - 8. Let d be x(-4). Let g be 3 - (-1)/((-4)/d). Let r(i) = 5*i + 1. Calculate r(g).
6
Let q(o) = -3*o - 3. Let c be q(-2). Let d(h) = c*h - 5 - 4*h - 2*h**2 + h**3 + h**2. Suppose 0 = -2*w + 2*y - 8, -2*w + 2*y - 20 = -3*y. Give d(w).
-5
Let w(p) = -p**2 - 7*p. Let j = 5 - 12. Let r(v) = 2*v**2 + 15*v - 1. Let c(x) = j*w(x) - 3*r(x). Let b be (1 + -2)/((-1)/(-2)). Determine c(b).
-1
Suppose -c + 4*c = 0. Let g(i) = 2*i - 3 + 1 + c + 1. Suppose t + m = -4*m - 3, -5*t = -2*m + 15. Give g(t).
-7
Let u(h) = 7 + 7*h - 4*h - 2 - h**2 + 2. Give u(6).
-11
Suppose 15 = -2*v + m, 0*m = 3*v - 2*m + 25. Let x(p) = 104*p - 106*p + 0 + 3. Determine x(v).
13
Let k(p) = -p**3 - 6*p**2 - 4*p + 7. Let v = -47 - -42. Determine k(v).
2
Let t(s) = -s - 5. Suppose -16 = -2*i + 18. Suppose 0 = -16*p + i*p - 6. Give t(p).
-11
Let g(b) = -b**2 + 5*b - 4. Suppose 2*t - 3*t + 3 = u, -5*t = -u - 15. What is g(t)?
2
Let r(a) = 3*a + 3. Let c be (1 - 2)/(2/(-4)). Suppose -3 = c*m + 1. Give r(m).
-3
Let r = -39 - -46. Let j(h) = -h**3 + 7*h**2 + 2*h. Give j(r).
14
Suppose -2 = -5*o + 4*o. Suppose -4*g - 6 + o = 0. Let a(z) = z**3 - 6*z**2 - z. Let w(q) = 2*q**3 - 5*q**2 - q. Let h(d) = 5*a(d) - 6*w(d). Calculate h(g).
6
Let l be 3/21 - (-80)/28. Let k(n) be the first derivative of n**2 - 2 + 4/3*n**l - n. Determine k(1).
5
Suppose 18 = 2*m 